{"id":7432,"date":"2022-11-17T23:09:10","date_gmt":"2022-11-17T22:09:10","guid":{"rendered":"https:\/\/tomasliska.com\/nahravky\/"},"modified":"2022-12-06T12:07:14","modified_gmt":"2022-12-06T11:07:14","slug":"nahravky","status":"publish","type":"page","link":"https:\/\/tomasliska.com\/en\/nahravky\/","title":{"rendered":"RECORDINGS"},"content":{"rendered":"\n<h2>\n\t\t<a href=\"http:\/\/tomasliska.com\/en\/nahravky\/\" title=\"SOLO ALBUMS\" target=\"_self\" rel=\"noopener\">\n\t\tSOLO ALBUMS\n\t\t<\/a>\n\t<\/h2>\n<h2>\n\t\t<a href=\"http:\/\/tomasliska.com\/en\/nahravky-sideman\/\" title=\"AS A SIDEMAN\" target=\"_self\" rel=\"noopener\">\n\t\tAS A SIDEMAN\n\t\t<\/a>\n\t<\/h2>\n<h1>\n\t\tSOLO ALBUMS\n\t<\/h1>\n\t\t\t\t<img decoding=\"async\" src=\"https:\/\/tomasliska.com\/assets\/uploads\/sites\/1372\/2022\/11\/hope-01.jpg\" alt=\"Hope_01\" title=\"Hope_01\" \/>\n\t\t\t<h5>The latest album<\/h5><h2>Hope<\/h2>\t\t\t\n\t\t\t\t<p>The latest original album. This recording was awarded as The best Jazz album of the year 2020 by Ceny And\u011bl Awards!<\/p>\n\t\t\t<a href=\"http:\/\/tomasliska.com\/en\/hope\/\" target=\"_self\" role=\"button\" aria-label=\"Read more about this amazing album\" rel=\"noopener\">\n\t\t\t\t\t\t\tRead more about this amazing album\n\t\t<\/a>\n\t\t\t\t<img decoding=\"async\" src=\"https:\/\/tomasliska.com\/assets\/uploads\/sites\/1372\/2022\/11\/invisible-faces.png\" alt=\"Invisible_faces\" title=\"Invisible_faces\" \/>\n\t\t\t<h2>Invisible Faces<\/h2>\t\t\t\n\t\t\t\t<p>On his new album\u00a0\u201eInvisible Faces&#8221;, released by Animal Music, bassist and composer Tom\u00e1\u0161 Li\u0161ka returns to the style and sound of his successful project\u00a0\u201eInvisible World&#8221;\u00a0(2009), being supported by Serbian accordeonist Nikola Zari\u0107, Turkish violinist Efe Turumtay, legendary Czech guitarist David Dor\u016f\u017eka and Czech percussionist Kamil Slez\u00e1k.<\/p>\n\t\t\t<a href=\"\" target=\"_self\" role=\"button\" aria-label=\"Buy this amazing album\" rel=\"noopener\">\n\t\t\t\t\t\t\tBuy this amazing album\n\t\t<\/a>\n\t\t\t\t<img decoding=\"async\" src=\"https:\/\/tomasliska.com\/assets\/uploads\/sites\/1372\/2022\/11\/bercheros-odyssey.jpg\" alt=\"Bercheros_Odyssey\" title=\"Bercheros_Odyssey\" \/>\n\t\t\t<h2>Bercheros Odyssey<\/h2>\t\t\t\n\t\t\t\t<p>This album has been nominated for the Andel award 2014 (Czech grammy) in the Jazz &amp; Blues category.<br \/>It is the third nomination in a row for Tomas Liska&#8217;s solo CD&#8217;s.<br \/>The music unites the improvisational, classical, as well as song and jazz forms, working with contrasting layers and sounds, with space in the compositions, all of which creates a balance across these genres.<\/p>\n<p>Animal Music 2014<\/p>\n\t\t\t<a href=\"https:\/\/tomasliska.com\/bercheros-odyssey\/\" target=\"_self\" role=\"button\" aria-label=\"Buy this amazing album\" rel=\"noopener\">\n\t\t\t\t\t\t\tBuy this amazing album\n\t\t<\/a>\n\t\t\t\t<img decoding=\"async\" src=\"https:\/\/tomasliska.com\/assets\/uploads\/sites\/1372\/2022\/11\/milokraj.jpg\" alt=\"Milokraj\" title=\"Milokraj\" \/>\n\t\t\t<h2>Milokraj<\/h2>\t\t\t\n\t\t\t\t<p>Album by the singer Marta T\u00f6pferov\u00e1 and the double bassist and composer Tom\u00e1\u0161 Li\u0161ka contains new music they both co-penned using their national background, inspired by Moravian and Czech folk music and adding experience they share in the world of contemporary, jazz and world music. In recording this original project they joined forces with other outstanding musicians &#8211; Czech guitarist David Dor\u016f\u017eka, Slovak violinist Stano Pal\u00fach and Moldavian cimbalom player Marcel Comendant.<\/p>\n\t\t\t<a href=\"https:\/\/tomasliska.com\/milokraj\/\" target=\"_self\" role=\"button\" aria-label=\"Buy this amazing album\" rel=\"noopener\">\n\t\t\t\t\t\t\tBuy this amazing album\n\t\t<\/a>\n\t\t\t\t<img decoding=\"async\" src=\"https:\/\/tomasliska.com\/assets\/uploads\/sites\/1372\/2022\/11\/iw2009-1.jpeg\" alt=\"IW2009_1\" title=\"IW2009_1\" \/>\n\t\t\t<h5>The first solo album<\/h5><h2>Invisible World<\/h2>\t\t\t\n\t\t\t\t<p>The debut album of Tom\u00e1\u0161 Li\u0161ka, an eminent Czech bassist and composer, the holder of several awards from various jazz festivals, features a very intimate and at the same time very intensive music which combines influence by styles as diverse as flamenco, folk, jazz and tango.<\/p>\n<p>Tom\u00e1\u0161 Li\u0161ka invited the versatile guitarist David Dor\u016f\u017eka and the Italian bandoneonist Daniele di Bonaventura to join him in this project. Among the guests are the singer Marta T\u00f6pferov\u00e1 and percussionist Tom\u00e1\u0161 Reindl.\u00a0<\/p>\n\t\t\t<a href=\"https:\/\/tomasliska.com\/invisible-world-album\/\" target=\"_self\" role=\"button\" aria-label=\"Buy this amazing album\" rel=\"noopener\">\n\t\t\t\t\t\t\tBuy this amazing album\n\t\t<\/a>\n\n","protected":false},"excerpt":{"rendered":"<p>SOLO ALBUMS AS A SIDEMAN SOLO ALBUMS The latest album Hope The latest original album. This recording was awarded as The best Jazz album of the year 2020 by Ceny And\u011bl Awards! Read more about this amazing album Invisible Faces On his new album\u00a0\u201eInvisible Faces&#8221;, released by Animal Music, bassist and composer Tom\u00e1\u0161 Li\u0161ka returns&hellip;<\/p>\n","protected":false},"author":935,"featured_media":0,"parent":0,"menu_order":0,"comment_status":"closed","ping_status":"closed","template":"","meta":{"footnotes":""},"class_list":["post-7432","page","type-page","status-publish","hentry"],"_links":{"self":[{"href":"https:\/\/tomasliska.com\/en\/wp-json\/wp\/v2\/pages\/7432","targetHints":{"allow":["GET"]}}],"collection":[{"href":"https:\/\/tomasliska.com\/en\/wp-json\/wp\/v2\/pages"}],"about":[{"href":"https:\/\/tomasliska.com\/en\/wp-json\/wp\/v2\/types\/page"}],"author":[{"embeddable":true,"href":"https:\/\/tomasliska.com\/en\/wp-json\/wp\/v2\/users\/935"}],"replies":[{"embeddable":true,"href":"https:\/\/tomasliska.com\/en\/wp-json\/wp\/v2\/comments?post=7432"}],"version-history":[{"count":14,"href":"https:\/\/tomasliska.com\/en\/wp-json\/wp\/v2\/pages\/7432\/revisions"}],"predecessor-version":[{"id":7600,"href":"https:\/\/tomasliska.com\/en\/wp-json\/wp\/v2\/pages\/7432\/revisions\/7600"}],"wp:attachment":[{"href":"https:\/\/tomasliska.com\/en\/wp-json\/wp\/v2\/media?parent=7432"}],"curies":[{"name":"wp","href":"https:\/\/api.w.org\/{rel}","templated":true}]}}

<h2>
		<a href="http://tomasliska.com/en/nahravky/" title="SOLO ALBUMS" target="_self" rel="noopener">
		SOLO ALBUMS
		</a>
	</h2>
<h2>
		<a href="http://tomasliska.com/en/nahravky-sideman/" title="AS A SIDEMAN" target="_self" rel="noopener">
		AS A SIDEMAN
		</a>
	</h2>
<h1>
		SOLO ALBUMS
	</h1>
				<img decoding="async" src="https://tomasliska.com/assets/uploads/sites/1372/2022/11/hope-01.jpg" alt="Hope_01" title="Hope_01" />
			<h5>The latest album</h5><h2>Hope</h2>			
				<p>The latest original album. This recording was awarded as The best Jazz album of the year 2020 by Ceny Anděl Awards!</p>
			<a href="http://tomasliska.com/en/hope/" target="_self" role="button" aria-label="Read more about this amazing album" rel="noopener">
							Read more about this amazing album
		</a>
				<img decoding="async" src="https://tomasliska.com/assets/uploads/sites/1372/2022/11/invisible-faces.png" alt="Invisible_faces" title="Invisible_faces" />
			<h2>Invisible Faces</h2>			
				<p>On his new album „Invisible Faces&#8221;, released by Animal Music, bassist and composer Tomáš Liška returns to the style and sound of his successful project „Invisible World&#8221; (2009), being supported by Serbian accordeonist Nikola Zarić, Turkish violinist Efe Turumtay, legendary Czech guitarist David Dorůžka and Czech percussionist Kamil Slezák.</p>
			<a href="" target="_self" role="button" aria-label="Buy this amazing album" rel="noopener">
							Buy this amazing album
		</a>
				<img decoding="async" src="https://tomasliska.com/assets/uploads/sites/1372/2022/11/bercheros-odyssey.jpg" alt="Bercheros_Odyssey" title="Bercheros_Odyssey" />
			<h2>Bercheros Odyssey</h2>			
				<p>This album has been nominated for the Andel award 2014 (Czech grammy) in the Jazz &amp; Blues category.<br />It is the third nomination in a row for Tomas Liska&#8217;s solo CD&#8217;s.<br />The music unites the improvisational, classical, as well as song and jazz forms, working with contrasting layers and sounds, with space in the compositions, all of which creates a balance across these genres.</p>
<p>Animal Music 2014</p>
			<a href="https://tomasliska.com/bercheros-odyssey/" target="_self" role="button" aria-label="Buy this amazing album" rel="noopener">
							Buy this amazing album
		</a>
				<img decoding="async" src="https://tomasliska.com/assets/uploads/sites/1372/2022/11/milokraj.jpg" alt="Milokraj" title="Milokraj" />
			<h2>Milokraj</h2>			
				<p>Album by the singer Marta Töpferová and the double bassist and composer Tomáš Liška contains new music they both co-penned using their national background, inspired by Moravian and Czech folk music and adding experience they share in the world of contemporary, jazz and world music. In recording this original project they joined forces with other outstanding musicians &#8211; Czech guitarist David Dorůžka, Slovak violinist Stano Palúch and Moldavian cimbalom player Marcel Comendant.</p>
			<a href="https://tomasliska.com/milokraj/" target="_self" role="button" aria-label="Buy this amazing album" rel="noopener">
							Buy this amazing album
		</a>
				<img decoding="async" src="https://tomasliska.com/assets/uploads/sites/1372/2022/11/iw2009-1.jpeg" alt="IW2009_1" title="IW2009_1" />
			<h5>The first solo album</h5><h2>Invisible World</h2>			
				<p>The debut album of Tomáš Liška, an eminent Czech bassist and composer, the holder of several awards from various jazz festivals, features a very intimate and at the same time very intensive music which combines influence by styles as diverse as flamenco, folk, jazz and tango.</p>
<p>Tomáš Liška invited the versatile guitarist David Dorůžka and the Italian bandoneonist Daniele di Bonaventura to join him in this project. Among the guests are the singer Marta Töpferová and percussionist Tomáš Reindl. </p>
			<a href="https://tomasliska.com/invisible-world-album/" target="_self" role="button" aria-label="Buy this amazing album" rel="noopener">
							Buy this amazing album
		</a>

<p>SOLO ALBUMS AS A SIDEMAN SOLO ALBUMS The latest album Hope The latest original album. This recording was awarded as The best Jazz album of the year 2020 by Ceny Anděl Awards! Read more about this amazing album Invisible Faces On his new album „Invisible Faces&#8221;, released by Animal Music, bassist and composer Tomáš Liška returns&hellip;</p>
