{"id":7420,"date":"2022-11-18T00:14:23","date_gmt":"2022-11-17T23:14:23","guid":{"rendered":"https:\/\/tomasliska.com\/bercheros-odyssey\/"},"modified":"2022-12-02T12:52:38","modified_gmt":"2022-12-02T11:52:38","slug":"bercheros-odyssey","status":"publish","type":"page","link":"https:\/\/tomasliska.com\/en\/bercheros-odyssey\/","title":{"rendered":"Bercheros Odyssey"},"content":{"rendered":"\n<img loading=\"lazy\" decoding=\"async\" src=\"https:\/\/tomasliska.com\/assets\/uploads\/sites\/1372\/2022\/11\/bercheros-odyssey.jpg\" alt=\"Bercheros_Odyssey\" height=\"572\" width=\"640\" title=\"Bercheros_Odyssey\">\n\t<p>Album z roku 2014. Autorsk\u00e1 hudba, kterou Li\u0161ka pro ans\u00e1mbl P\u00e9nte komponuje, se rozl\u00e9h\u00e1 po \u0161ir\u00e9 v\u00fdrazov\u00e9 pl\u00e1ni mezi jazzem, world music a soudobou v\u00e1\u017enou hudbou.<\/p>\n<p>Hlavn\u00ed skladbou reperto\u00e1ru je \u0161estid\u00edln\u00e1 suita Bercheros Odyssey, kter\u00e1 zaujme nejen svou \u010dlenitost\u00ed, dobrodru\u017en\u00fdmi zvraty, \u0161\u00ed\u0159\u00ed n\u00e1lad, barev a poloh, ale tak\u00e9 um\u011bn\u00edm vystihnout takovou paletu my\u0161lenek se zvolen\u00fdm n\u00e1strojov\u00fdm obsazen\u00edm.<\/p>\n\t<p>Animal Music 2014<\/p>\n<ol>\n<li>Part I<\/li>\n<li>Part II<\/li>\n<li>Part III<\/li>\n<li>Part IV<\/li>\n<li>Part V<\/li>\n<li>Part VI<\/li>\n<\/ol>\n\tTom\u00e1\u0161 Li\u0161ka &#8211; acoustic bass<br>\nFabiana Striffler &#8211; violin<br>\nSimon Marek &#8211; cello<br>\nMarkus Ehrlich &#8211; clarinets<br>\nNatalie Hausmann &#8211; tenor sax\n","protected":false},"excerpt":{"rendered":"<p>Album z roku 2014. Autorsk\u00e1 hudba, kterou Li\u0161ka pro ans\u00e1mbl P\u00e9nte komponuje, se rozl\u00e9h\u00e1 po \u0161ir\u00e9 v\u00fdrazov\u00e9 pl\u00e1ni mezi jazzem, world music a soudobou v\u00e1\u017enou hudbou. Hlavn\u00ed skladbou reperto\u00e1ru je \u0161estid\u00edln\u00e1 suita Bercheros Odyssey, kter\u00e1 zaujme nejen svou \u010dlenitost\u00ed, dobrodru\u017en\u00fdmi zvraty, \u0161\u00ed\u0159\u00ed n\u00e1lad, barev a poloh, ale tak\u00e9 um\u011bn\u00edm vystihnout takovou paletu my\u0161lenek se zvolen\u00fdm&hellip;<\/p>\n","protected":false},"author":935,"featured_media":0,"parent":0,"menu_order":0,"comment_status":"closed","ping_status":"closed","template":"","meta":{"footnotes":""},"class_list":["post-7420","page","type-page","status-publish","hentry"],"_links":{"self":[{"href":"https:\/\/tomasliska.com\/en\/wp-json\/wp\/v2\/pages\/7420","targetHints":{"allow":["GET"]}}],"collection":[{"href":"https:\/\/tomasliska.com\/en\/wp-json\/wp\/v2\/pages"}],"about":[{"href":"https:\/\/tomasliska.com\/en\/wp-json\/wp\/v2\/types\/page"}],"author":[{"embeddable":true,"href":"https:\/\/tomasliska.com\/en\/wp-json\/wp\/v2\/users\/935"}],"replies":[{"embeddable":true,"href":"https:\/\/tomasliska.com\/en\/wp-json\/wp\/v2\/comments?post=7420"}],"version-history":[{"count":2,"href":"https:\/\/tomasliska.com\/en\/wp-json\/wp\/v2\/pages\/7420\/revisions"}],"predecessor-version":[{"id":7424,"href":"https:\/\/tomasliska.com\/en\/wp-json\/wp\/v2\/pages\/7420\/revisions\/7424"}],"wp:attachment":[{"href":"https:\/\/tomasliska.com\/en\/wp-json\/wp\/v2\/media?parent=7420"}],"curies":[{"name":"wp","href":"https:\/\/api.w.org\/{rel}","templated":true}]}}

<img loading="lazy" decoding="async" src="https://tomasliska.com/assets/uploads/sites/1372/2022/11/bercheros-odyssey.jpg" alt="Bercheros_Odyssey" height="572" width="640" title="Bercheros_Odyssey">
	<p>Album z roku 2014. Autorská hudba, kterou Liška pro ansámbl Pénte komponuje, se rozléhá po širé výrazové pláni mezi jazzem, world music a soudobou vážnou hudbou.</p>
<p>Hlavní skladbou repertoáru je šestidílná suita Bercheros Odyssey, která zaujme nejen svou členitostí, dobrodružnými zvraty, šíří nálad, barev a poloh, ale také uměním vystihnout takovou paletu myšlenek se zvoleným nástrojovým obsazením.</p>
	<p>Animal Music 2014</p>
<ol>
<li>Part I</li>
<li>Part II</li>
<li>Part III</li>
<li>Part IV</li>
<li>Part V</li>
<li>Part VI</li>
</ol>
	Tomáš Liška &#8211; acoustic bass<br>
Fabiana Striffler &#8211; violin<br>
Simon Marek &#8211; cello<br>
Markus Ehrlich &#8211; clarinets<br>
Natalie Hausmann &#8211; tenor sax

<p>Album z roku 2014. Autorská hudba, kterou Liška pro ansámbl Pénte komponuje, se rozléhá po širé výrazové pláni mezi jazzem, world music a soudobou vážnou hudbou. Hlavní skladbou repertoáru je šestidílná suita Bercheros Odyssey, která zaujme nejen svou členitostí, dobrodružnými zvraty, šíří nálad, barev a poloh, ale také uměním vystihnout takovou paletu myšlenek se zvoleným&hellip;</p>
